-523 + -10547)*(-10)/4?
2
Let r(w) = w**3 + 21*w**2 + 103*w + 16. Let f be r(-12). Suppose -x = -373 + f. What is the hundreds digit of x?
2
Suppose -1452480 = -123*r + 83*r. What is the ten thousands digit of r?
3
What is the thousands digit of (-16)/(-368) - 627616/(-184)?
3
Let b be (8 + -9 + 3)*11. Let w = 98 - b. What is the tens digit of w?
7
Suppose 0 = 161*n - 132*n - 371780. What is the ten thousands digit of n?
1
Let x be ((-1)/2)/(7/4 + -2). Let w be (2 - 5 - -6) + -37. Let l = x - w. What is the tens digit of l?
3
Let b = 27130 + -19974. What is the hundreds digit of b?
1
Suppose 4*l = 5*f + 160827, -3*l + 104608 = 4*f - 16051. What is the hundreds digit of l?
2
Let m(j) = -2*j**2 - 9*j + 8. Let c(w) = 4*w**2 + 18*w - 16. Suppose 5*n - 12 = 8, 5*q + 5*n = 35. Let x(v) = q*c(v) + 7*m(v). What is the units digit of x(-5)?
3
What is the thousands digit of -1*48/(-112) + 1 + (-448176)/(-14)?
2
Suppose 0 = 11*i - 4379 - 1099. Suppose 490*u - i*u = -7800. What is the units digit of u?
5
Let h(b) = -2*b**3 + 35*b**2 - 19*b + 31. Let p be h(17). Let r(v) = -105*v - 25. What is the units digit of r(p)?
0
Let y = -24 + 26. Suppose -7*f = -y*f - 1675. Suppose 0 = 3*h + 2*h - f. What is the units digit of h?
7
Suppose 6*i - 296 = 40. Let h = -58 + i. What is the units digit of (-2)/(-1) - (1 + h + -103)?
6
Let d be 8/(-8) + 16 + -1. Let b = 118 - d. What is the tens digit of b?
0
Let o(w) = 6*w**3 + 7*w**2 - 16*w + 71. What is the tens digit of o(6)?
2
Let n be (-12)/(-54) - 102/(-27). Suppose 3*b - 744 = -n*w, -4*w - 569 = -7*w - 5*b. Suppose -2*g - 45 = -q - g, -g - w = -4*q. What is the tens digit of q?
4
Let s = 418 + -423. What is the units digit of 4*(3703/28 + s)?
9
Let l(h) = 122*h + 35. Let j(u) = u**2 - 3*u - 35. Let a be j(8). What is the hundreds digit of l(a)?
6
Suppose 0 = -2*t + 6*w + 21244, t - 30*w - 10637 = -32*w. What is the thousands digit of t?
0
What is the tens digit of -66 - (-5880968)/406 - (1 + (-6)/7)?
1
Let x = 16502 - 2505. What is the tens digit of x?
9
Let q(f) = -895*f - 684. What is the tens digit of q(-17)?
3
Suppose 44*t = 39*t - 5. What is the hundreds digit of 999/6 - t/(-2)?
1
Let l be (14 + -11)*299/3. Let j = l - -181. What is the units digit of j?
0
Let f = 385 + -378. Suppose -571 = -f*x + 710. What is the tens digit of x?
8
Let n(k) = k**3 + 2*k**2 - 119*k + 3336. What is the hundreds digit of n(0)?
3
Let t = 186 - 190. What is the units digit of (0 - 299)/1*(t + 3)?
9
Suppose -26*s + 27*s = -m + 22100, -4*m + 66299 = 3*s. What is the units digit of s?
1
Let m(w) = 46*w**2 - 3*w - 10. Let v(y) = 96*y**2 - 6*y - 19. Let n(x) = -11*m(x) + 6*v(x). What is the tens digit of n(4)?
0
Suppose 4*g - 4*d = 9*g - 3, 4*g + 2*d = 6. Suppose 2*s + 122 = -g*w + 2*w, -5*w - 610 = -4*s. Let h = 203 + w. What is the tens digit of h?
8
Let h(x) = -x**3 - 5*x**2 + 30*x - 35. What is the hundreds digit of h(-22)?
5
Let y = -394 - -402. Suppose -y*w - 34*w + 76776 = 0. What is the tens digit of w?
2
Let u(d) = 8*d + 60. Let m be u(23). Suppose -v + 3*v - 480 = -2*q, q - m = -3*v. What is the tens digit of q?
3
Suppose 13*z - 80032 - 121416 = 0. What is the tens digit of z?
9
Let i = 1690 + -966. Suppose -17*c = -19*c - i. What is the hundreds digit of (9/9)/((2/c)/(-1))?
1
Suppose 72427 = 11*x - 101252. What is the units digit of x?
9
Suppose -2*o = -h + 14, 0*h - 3*o = -h + 19. Suppose 0 = a - 4*b - 617, h*b = a - 6*a + 3013. What is the units digit of a?
5
Let c be 3/(-3) + 2 + 0/8. What is the tens digit of 0 - c - -3 - -50?
5
Let s(n) = 130*n + 250. What is the tens digit of s(77)?
6
Suppose -12 = -4*t + 7*k - 3*k, 0 = -k + 1. Suppose b + 2 + t = 0. What is the units digit of (1/1 + b)/((-19)/228)?
0
Suppose -2 = -5*y - 52. Let p be (-2)/((-15)/y - (-10)/(-4)). Let f(v) = 8*v + 1. What is the units digit of f(p)?
7
Let x = 945 - 593. Let h = x + -190. What is the units digit of h?
2
Let u be (-1)/((-1)/4581*21/14). Suppose -v - u = -4*w, 5*w - v = 2942 + 875. What is the units digit of w?
3
Let a be (-28)/(-5) + 20/50. Let v(z) = z**3 + z**2 - 12*z + 5. Let w be v(3). Suppose s + f - 71 = a*f, 0 = -w*s - 3*f + 383. What is the units digit of s?
6
Let w(r) = -239*r + 103. Let y(f) = 359*f - 156. Let b(j) = 7*w(j) + 5*y(j). What is the units digit of b(9)?
9
What is the units digit of (-30781)/(-8) + 45/(-72)?
7
Let y = -8 - -11. Suppose 0 = -3*z + 3*b - 12, 3*z - 4*b + 2 = -y*b. What is the units digit of (9/(-2) + z)*108/(-63)?
6
Let x(d) = d**3 + 9*d**2 - 3*d - 14. Let y be x(-9). Suppose y*r = 5*r + 24. Suppose 5*h + 1055 = 5*n, r*n - 844 = -n + 5*h. What is the units digit of n?
1
Suppose 68*u - 64*u = -5*p + 27525, 16515 = 3*p - u. What is the units digit of p?
5
Suppose 0 = -6*m + 33 - 309. Let s = m - -99. What is the tens digit of s?
5
Let m be 2/9 + 204/54. What is the hundreds digit of (-1 - 31/m)*-100?
8
Let k(f) = f**3 + 13*f**2 - 16*f - 26. Let v be k(-14). Suppose -4*l = 5*n - 252, 7*l + 10 = v*l. What is the units digit of n?
2
Suppose 33 = -3*j + 4*v, 5 = -j + 5*v - 6. Let q = j - -14. Suppose 2*i + 4*d - 179 = 5*d, -q*i - 2*d + 265 = 0. What is the units digit of i?
9
Let g = 13785 + -6592. What is the tens digit of g?
9
Let w = -91 + 127. Suppose -75 = 5*d + 3*j - 6, -w = 2*d + 4*j. Let r(l) = -9*l - 42. What is the units digit of r(d)?
6
Let n = 20841 + -3343. What is the hundreds digit of n?
4
Suppose -4*c + 2*d + 22920 = 0, 5*c - 4*d = -4040 + 32684. What is the tens digit of c?
3
Suppose 290*s + 3587216 = 368*s + 993482. What is the hundreds digit of s?
2
Suppose 18*l + 8*l = 962. Suppose l*s - 474 = 35*s. What is the tens digit of s?
3
Let q be (-2186)/13 + (-30)/(-195). Let s be (240/9)/((-3 - -5)/18). Let l = q + s. What is the units digit of l?
2
Suppose -266 = 4*r - z + 4753, 3*z = 2*r + 2497. Let q = r - -2422. What is the tens digit of q?
6
Suppose 53 = v - 0*v. Let w be 2 + (-32 - 9) + 3. Let d = v + w. What is the tens digit of d?
1
Let z(y) = 2*y + 5*y - 9*y**2 - 2*y**3 - 6 + 3*y. Let n = -679 - -672. What is the hundreds digit of z(n)?
1
Suppose -499*q + 493*q = -8622. Suppose q = 4*t - 519. What is the hundreds digit of t?
4
Suppose z + 4*j - 72 = 0, 3*j - 7*j = 5*z - 360. Suppose 57*b + 12105 = z*b. What is the hundreds digit of b?
8
Suppose 96328 = -5*i - v - 140009, -2*i = -v + 94539. What is the hundreds digit of (5/2)/((-195)/i)?
6
Let x(w) = -12*w**2 + w - 15. Let n be x(-5). Let o = n - -669. What is the tens digit of o?
4
Let h(b) = -3*b**2 + 4*b + 2. Let c(s) = s**2 - s + 1. Let p(t) = c(t) + h(t). Let g be p(6). Let x = -40 - g. What is the units digit of x?
1
Suppose 5*b = -15*b + 100. Suppose -b*v + 424 = -10*i + 11*i, i - v - 418 = 0. What is the hundreds digit of i?
4
What is the thousands digit of 1344/840 - 207544/(-10)?
0
What is the units digit of ((-126825)/(-6))/5 - 57/38?
6
Let l(o) = 0 - o**3 + 2 + 5*o**2 - 4 + 6*o + 1. Let u be l(6). Let r(y) = 75*y**2 + 2*y + 1. What is the tens digit of r(u)?
7
Let n(r) = 6*r - 13 - 58*r + 36 + 17 - 16*r. What is the hundreds digit of n(-15)?
0
Suppose d = -1646 + 7996. What is the hundreds digit of d?
3
Let o(w) = -24*w**3 + 9*w**2 + 19*w + 29. What is the units digit of o(-6)?
3
Let j(x) = 4*x - 7. Let q be j(13). Let i(u) = -22*u - 1. Let t be i(-1). Let w = t + q. What is the units digit of w?
6
Let w = -34 - -38. Suppose -4*u = x - 504, 0 = -w*x - 2*u - 3*u + 1983. Suppose -2*g - x = -8*g. What is the units digit of g?
2
Let c be -2*8/48 + 181/3. Suppose 2*t = -4*w - 168, 3*w + 4*t = t - 126. Let v = c + w. What is the tens digit of v?
1
Let j be ((-42)/(-560)*10)/(3/8). What is the thousands digit of 0 - j - (-1292 + -5 + 10)?
1
Suppose -4*g + 820 = 808. Suppose 5*j = g*i - 1293, -3*i - 11*j + 1293 = -14*j. What is the tens digit of i?
3
Let j = 49 + -43. What is the hundreds digit of ((-9)/j)/(1/(-292) - 0)?
4
Let m be (5 - 11)*2/(12/(-26)). Suppose 20*i + 30 = m*i. Suppose i*f = 4*f + 110. What is the hundreds digit of f?
1
Suppose 4644 - 8357 - 51837 = -55*s. What is the hundreds digit of s?
0
What is the tens digit of ((-6)/(-10))/((-44)/220)*(6 - 575)?
0
Let i = -43 + 62. Suppose 0 = -i*b + 7*b + 3432. Let r = 405 - b. What is the hundreds digit of r?
1
Let p be 76/(-6 - (9 - 13)). Suppose 0 = -a - 28 + 79. Let 